= 3*p**3 - 9*p**2 - 6*p + 5. Let r be g(-7). Let z be (-1 - -2) + r/1. Is (2/(-3))/(12/z) composite?
False
Let o be 2 + 2 + 1 + -3. Let p = -332 + 677. Suppose j - p = -o*j. Is j composite?
True
Is 494/(-13)*(-3 - 5901/6) a composite number?
True
Is ((-64)/96)/(2/18) + 1943 prime?
False
Let f(u) = -u + 12. Let y = -21 - -21. Let r be f(y). Let d(k) = 2*k**2 - 11*k + 5. Is d(r) a prime number?
False
Let t = 22 - 16. Suppose 0 = 2*q - t*q. Suppose q*r - 53 = -r. Is r prime?
True
Suppose 3*k = -12, -4*k = -q - 4*q + 31. Is (-118)/(-1) + -2 + q prime?
False
Suppose 2*y + 26 = -2*l, -l + 47 = -3*y - 0*l. Let k = y - -8. Is k/2*(0 + -22) prime?
False
Suppose -3269 - 3673 = -3*d + 3*y, 4*y - 11606 = -5*d. Let r = d + -1375. Is r prime?
False
Suppose -5*y + 16189 = 4*c, -23*c + 20*c = -y + 3253. Is y a prime number?
False
Let o(f) = -f. Let h be o(3). Is -4 + 218 + h + -2 a composite number?
True
Let c(j) be the third derivative of 1/120*j**6 + 7/12*j**4 - 5*j**2 - 13/60*j**5 + 0*j + 0 - 1/3*j**3. Is c(12) prime?
False
Let c(n) = n + 74. Let w = -2 - -2. Let j be c(w). Suppose 2*a + 0*a - j = 0. Is a prime?
True
Let b = -195 - -288. Suppose 6592 = 5*o - b. Is o a prime number?
False
Let d(s) = -s**3 - 6*s**2 + 6*s - 3. Let c be d(-7). Is (3905 + 3)/c - -2 composite?
True
Suppose -3*j + 4*j - w = 33, -j + 23 = 4*w. Let l be -148 - 0/(1 + 0). Let x = j - l. Is x a composite number?
False
Let b be 12/(-4) + 9/3. Suppose -26442 = 4*d - b*j - 3*j, -5*d = -3*j + 33054. Is 1/(-4) + d/(-16) a prime number?
False
Let o(b) = 76*b**3 - 18*b**2 + 31*b - 16. Is o(7) composite?
True
Let x(b) = -18*b**2 - 9*b + 31. Let v be x(-10). Is 6/(-8) + v/(-4) composite?
False
Let o(q) be the third derivative of q**5/2 - q**4/6 + 13*q**3/2 - 3*q**2. Is o(5) composite?
False
Suppose 2*n + 1 = 2*c - n, -c - 4 = 3*n. Let u be 0*(-1)/(-1)*c. Suppose u = s - 115 - 0. Is s composite?
True
Let t = 7 - 2. Suppose -1941 = 2*d - t*d. Is d composite?
False
Let s(f) = 873*f**2 - 61*f + 239. Is s(4) a prime number?
True
Let f = 1526 + -571. Is f a prime number?
False
Let d(n) = -n**3 - 7*n**2 + 4. Let v be d(-7). Let q(p) = p**3 - 4*p**2 + 3*p - 3. Let f be q(v). Let y(z) = 4*z - 3. Is y(f) prime?
False
Is (-14180)/(-14)*14/4 a composite number?
True
Let g(h) = -7*h - 12. Suppose -2*o + o - 5 = 0. Is g(o) prime?
True
Let y(w) = 23 - 18 + 25*w - 12. Is y(9) a composite number?
True
Suppose 5*i - 29 + 4 = 0. Suppose i*s + 1888 = 5*p + 6958, -3*s + 3047 = -4*p. Is s composite?
False
Let z = 0 + 4. Suppose 4*r + u - 961 + 113 = 0, u + 840 = z*r. Is r a prime number?
True
Is (-99)/(-198)*(-1)/(2/(-7204)) composite?
False
Suppose 3*w = 4*w. Let b(s) = -s**3 - s**2 + s + 20. Let n be b(w). Suppose -85 = -2*c - 4*u + 1, 0 = 4*u + n. Is c composite?
False
Let j be -2 + 5 + 1 + 8798. Let t be (-20)/(-6)*j/12. Suppose 0*v = 5*v - t. Is v prime?
False
Let c = -243932 - -465475. Is c a composite number?
True
Suppose -y + 42 - 434 = -k, 4*k - 8 = 0. Let s = 919 + y. Is s prime?
False
Let z = -14188 - -20595. Is z composite?
True
Suppose 65 = 8*n + 209. Let i(v) = -v**3 - 11*v**2 - 16*v + 10. Is i(n) composite?
True
Let m(c) = -6*c**2 - 14*c - 24. Let x(d) = 2*d**2 + 5*d + 8. Let r(k) = 3*m(k) + 10*x(k). Let b be r(-7). Let o = b - 35. Is o a composite number?
True
Let q(u) be the second derivative of -u**4/6 + 2*u**3/3 - u. Let j be q(5). Let o = 73 - j. Is o a composite number?
False
Suppose 4*n + 196 = 4*x, 0 = -3*n - 3*x + 45 - 174. Let v = n + 831. Is -3*1*v/(-15) a composite number?
False
Let b = 567 - -695. Let t = b + -721. Is t composite?
False
Let u = 96420 + -68291. Is u a prime number?
False
Suppose 3*p - 107 = 103. Suppose -b - 2 + 16 = -4*g, -3*g = 9. Suppose b*i - 300 = -p. Is i composite?
True
Is (7 - 1)/(5 + -2) - -2835 prime?
True
Let b(w) = w - 8. Let z be b(6). Let f = z + 6. Is ((-257)/2)/(f/(-8)) composite?
False
Let m = -7 + 9. Suppose m = -2*j, 0*j = 5*o - 5*j - 580. Is o a composite number?
True
Is 3/(-3)*(-875 + (-8)/(-2)) composite?
True
Let s(k) = -11*k - 1 - 19*k - k - 3*k. Is s(-11) a composite number?
False
Let q = 10 - 6. Let a be -1 - (0 - (7 - q)). Suppose 5*y - 2*o = 2859, a*y - 3*o - 542 = 606. Is y prime?
True
Let s(b) = 8*b**2 - b - 4. Let x be (-12)/(-4)*(-3)/(-1). Is s(x) a composite number?
True
Let o(b) = -11*b**2 + 1. Let a be o(1). Let d(y) be the third derivative of -25*y**4/24 + y**3/6 + 2*y**2 - 25. Is d(a) a prime number?
True
Suppose -30*f + 241812 = -165258. Is f a prime number?
False
Let a(n) = -n**3 + 6*n**2 + 7*n + 7. Let d be a(7). Let t(w) = 115*w - 18. Is t(d) a prime number?
True
Suppose -c - 4*j = -4*c + 33997, j - 56631 = -5*c. Suppose -5*z = -3*q - c, 3*z - q - 6796 = q. Let v = z - 1587. Is v composite?
True
Let d = -26865 + 44384. Is d a composite number?
False
Let l(t) = t**2 + 5*t - 3. Let p be l(-4). Is (406/4)/(5/((-70)/p)) a composite number?
True
Let d be 64/4*10/8. Suppose -23*r + d*r = -1104. Let l = -213 + r. Is l a prime number?
False
Is (-29 - 5940)*1/2*-2 composite?
True
Suppose 4*j = -5*p - j + 55, -4*j + 30 = 2*p. Is 3957/p + 2/(-7) prime?
False
Let n(c) = -419*c + 43. Let m be n(-11). Is (m/6)/((-120)/(-18) + -6) a composite number?
False
Let g = -2341 + 5475. Suppose 2*u + g = 4*u. Is u a composite number?
False
Let b(a) be the third derivative of a**6/120 - a**5/20 - a**4/8 - a**3/6 - 2*a**2. Let j be b(4). Suppose -j*t + t = -62. Is t prime?
True
Suppose -g - 4*l + 11212 = 3*g, g + 5*l = 2791. Let f = -1965 + g. Is f prime?
False
Is 1969002/135 - (-2)/(-10) a prime number?
False
Suppose -76052 - 42629 = -2*b + 3*x, b - x - 59338 = 0. Is b a prime number?
True
Suppose 0 = -5*q - 2*m + 125108 + 21887, -5*q + 146995 = 4*m. Is q a composite number?
False
Let o(l) = l**3 + 3*l**2 + 22*l - 53. Is o(12) a prime number?
True
Let l(y) = 423*y**2 + 28*y - 285. Is l(8) a composite number?
False
Suppose 19*z - 59870 = 9*z. Is z a prime number?
True
Suppose 0 = -12*g + 15*g - 26094. Is g a composite number?
True
Is ((-2)/4*4)/(4/(-155506)) a prime number?
False
Suppose 16*h - 51766 + 11846 = 0. Is h a composite number?
True
Let y(m) be the third derivative of 7/3*m**3 + 0 + 2*m**2 + 0*m - 115/24*m**4. Is y(-9) a composite number?
False
Suppose -3*q - 5*z - 17 - 13 = 0, -6 = q + 3*z. Is 314*(6/(-5))/(12/q) a prime number?
False
Let w(b) = b**3 - 7*b**2 + 8*b - 17. Suppose -5*x = 2*h - 60, -h + 8 = 3*x - 28. Is w(x) a prime number?
False
Let z(r) = -3*r**3 + 7*r**2 + 19*r - 19. Is z(-10) a prime number?
True
Is 37482*((-10)/(-5))/4 prime?
False
Let k = 32 + -27. Suppose -3*q + 6*q = 1524. Suppose q = -m + k*m. Is m a prime number?
True
Let y(u) = -13*u**3 + 2*u**2 - 1. Let m be (0 + 5/(-2))*10. Let h be (-6 - -1)*(-10)/m. Is y(h) a prime number?
False
Suppose 0 = -0*n + 2*n - 348. Suppose 2*g - 1120 = n. Is g prime?
True
Suppose -78407 = n - 24*n. Is n a prime number?
False
Is ((-6718)/6)/(232/(-21) - -11) composite?
True
Suppose 0 = -2*p - 282 - 212. Let z = p - -390. Is z a composite number?
True
Is (4/4 + -2)/((-3)/6927) prime?
True
Suppose -73208 = -338*r + 330*r. Is r prime?
True
Suppose 3*j - 2*j = -4*w + 14, -4 = -3*w - 4*j. Suppose -18*n = 2 - 56. Suppose m + 7*u = n*u + 69, 176 = w*m - 4*u. Is m a composite number?
True
Let l(w) = -w**2 + 5*w + 12. Let z be l(7). Is ((z - 3) + 2)*118/(-6) prime?
True
Suppose -2*s = -2*m - 4*s + 11216, 2*m - s = 11219. Is m a prime number?
False
Suppose -5*q - 48 - 55 = -4*j, -2*q + 138 = 4*j. Suppose -2*u = 2*u - j. Suppose -3*h + u*h - 445 = 0. Is h composite?
False
Let k(d) = 2*d**2 + 10*d - 4. Let f be k(-8). Let l be 1 + 70/(-3) + (-4)/6. Let w = f + l. Is w prime?
False
Let a = 58065 + -9826. Is a a composite number?
False
Let w be (3/(-6))/(5/370). Let j = w - -59. Let z = 68 - j. Is z a prime number?
False
Let t(m) be the second derivative of -m**4/12 + 3*m**3 + m**2/2 - m. Let b be (27/3)/(-1*1/(-1)). Is t(b) composite?
True
Let k(r) = 37*r - 5. Let f(g) = -g + 3. Let y = -13 - -10. Let t be f(y). Is k(t) a prime number?
False
Suppose 670*l + 274146 = 676*l. Is l a prime number?
True
Let m(o) = -33*o + 20. Let s(p) = 33*p - 22. Let f(d) = 3*m(d) + 4*s(d). Is f(7) a composite number?
True
Suppose o - 28 = 74. Suppose 0 = 2*v - 2, -2*l - 58 = -3*v - 161. Let q = o - l. Is q composite?
T